{"id":20702,"date":"2026-02-06T11:14:14","date_gmt":"2026-02-06T07:14:14","guid":{"rendered":"https:\/\/setap.az\/?post_type=product&#038;p=20702"},"modified":"2026-02-06T11:52:38","modified_gmt":"2026-02-06T07:52:38","slug":"ezviz-cs-dl05-agilli-qapi-kilidi","status":"publish","type":"product","link":"https:\/\/setap.az\/?product=ezviz-cs-dl05-agilli-qapi-kilidi","title":{"rendered":"EZVIZ CS-DL05 A\u011f\u0131ll\u0131 Qap\u0131 Kilidi"},"content":{"rendered":"<p>EZVIZ CS-DL05 A\u011f\u0131ll\u0131 Qap\u0131 Kilidi<br \/>\n\u2714\u018fsas X\u00fcsusiyy\u0259tl\u0259r<br \/>\nEZVIZ t\u0259tbiqi il\u0259 asan n\u0259zar\u0259t: Qap\u0131n\u0131n v\u0259ziyy\u0259tini mobil telefondan izl\u0259m\u0259 v\u0259 idar\u0259etm\u0259<br \/>\nCanl\u0131 mobil x\u0259b\u0259rdarl\u0131qlar: Qap\u0131 a\u00e7\u0131ld\u0131qda v\u0259 ya icaz\u0259siz c\u0259hd zaman\u0131 ani bildiri\u015fl\u0259r<br \/>\nElektron qap\u0131 z\u0259ngi: Daxili z\u0259ng funksiyas\u0131 il\u0259 qap\u0131 \u00f6n\u00fcnd\u0259n x\u0259b\u0259rdar olma<br \/>\nQonaqlar \u00fc\u00e7\u00fcn m\u00fcv\u0259qq\u0259ti kodlar: M\u00fc\u0259yy\u0259n zaman aral\u0131\u011f\u0131 \u00fc\u00e7\u00fcn giri\u015f icaz\u0259si<br \/>\n5 N\u00f6v Kilidin A\u00e7\u0131lmas\u0131<br \/>\nBarmaq izi<br \/>\nRFID a\u00e7ar<br \/>\n\u015eifr\u0259 (kod)<br \/>\nEZVIZ mobil t\u0259tbiqi<br \/>\nMexaniki a\u00e7ar<br \/>\nT\u0259hl\u00fck\u0259sizlik Funksiyalar\u0131<br \/>\nGiri\u015f-\u00e7\u0131x\u0131\u015f jurnal\u0131 (arxiv): B\u00fct\u00fcn a\u00e7\u0131lma tarix\u00e7\u0259si yadda saxlan\u0131l\u0131r<br \/>\nK\u0259nar m\u00fcdaxil\u0259l\u0259r\u0259 qar\u015f\u0131 qoruma: Zorla a\u00e7\u0131lma c\u0259hdl\u0259rin\u0259 qar\u015f\u0131 m\u00fcdafi\u0259<br \/>\nTamper dat\u00e7ik: M\u00fcdaxil\u0259 zaman\u0131 siqnalizasiya aktivl\u0259\u015fir<br \/>\nEnerji v\u0259 \u0130nteqrasiya<br \/>\n\u015earj x\u0259b\u0259rdarl\u0131q siqnal\u0131: Batareya z\u0259ifl\u0259dikd\u0259 x\u0259b\u0259rdarl\u0131q<br \/>\nEZVIZ kameralar\u0131 il\u0259 a\u011f\u0131ll\u0131 inteqrasiya: EZVIZ ekosistemi il\u0259 tam uy\u011funluq<br \/>\n\u0130stifad\u0259\u00e7i Tutumu<br \/>\n50 barmaq izi<br \/>\n50 \u015fifr\u0259 (kod)<\/p>\n","protected":false},"excerpt":{"rendered":"<p>EZVIZ CS-DL05 A\u011f\u0131ll\u0131 Qap\u0131 Kilidi \u2714\u018fsas X\u00fcsusiyy\u0259tl\u0259r EZVIZ t\u0259tbiqi il\u0259 asan n\u0259zar\u0259t: Qap\u0131n\u0131n v\u0259ziyy\u0259tini mobil telefondan izl\u0259m\u0259 v\u0259 idar\u0259etm\u0259 Canl\u0131 mobil x\u0259b\u0259rdarl\u0131qlar: Qap\u0131 a\u00e7\u0131ld\u0131qda v\u0259 ya icaz\u0259siz c\u0259hd zaman\u0131 ani bildiri\u015fl\u0259r Elektron qap\u0131 z\u0259ngi: Daxili z\u0259ng funksiyas\u0131 il\u0259 qap\u0131 \u00f6n\u00fcnd\u0259n x\u0259b\u0259rdar olma Qonaqlar \u00fc\u00e7\u00fcn m\u00fcv\u0259qq\u0259ti kodlar: M\u00fc\u0259yy\u0259n zaman aral\u0131\u011f\u0131 \u00fc\u00e7\u00fcn giri\u015f icaz\u0259si 5 N\u00f6v Kilidin&hellip;<\/p>\n","protected":false},"featured_media":20703,"comment_status":"open","ping_status":"closed","template":"","meta":[],"product_cat":[2999,3482,5310],"product_tag":[3000,5420,5423,5428,4150,3044,5425,5105,3483,5403,5092,5426],"class_list":{"0":"post-20702","1":"product","2":"type-product","3":"status-publish","4":"has-post-thumbnail","6":"product_cat-agilli-ev","7":"product_cat-agilli-qapi-kilidi","8":"product_cat-ezviz","9":"product_tag-agilliev","10":"product_tag-agillikilid","11":"product_tag-barmaqizi","12":"product_tag-csdl05","13":"product_tag-elektronzng","14":"product_tag-ezviz","15":"product_tag-ezvizapp","16":"product_tag-girisnzarti","17":"product_tag-qapikilidi","18":"product_tag-rfid","19":"product_tag-setapaz","20":"product_tag-tampersensor","21":"description-off","23":"first","24":"instock","25":"shipping-taxable","26":"purchasable","27":"product-type-simple"},"_links":{"self":[{"href":"https:\/\/setap.az\/index.php?rest_route=\/wp\/v2\/product\/20702","targetHints":{"allow":["GET"]}}],"collection":[{"href":"https:\/\/setap.az\/index.php?rest_route=\/wp\/v2\/product"}],"about":[{"href":"https:\/\/setap.az\/index.php?rest_route=\/wp\/v2\/types\/product"}],"replies":[{"embeddable":true,"href":"https:\/\/setap.az\/index.php?rest_route=%2Fwp%2Fv2%2Fcomments&post=20702"}],"wp:featuredmedia":[{"embeddable":true,"href":"https:\/\/setap.az\/index.php?rest_route=\/wp\/v2\/media\/20703"}],"wp:attachment":[{"href":"https:\/\/setap.az\/index.php?rest_route=%2Fwp%2Fv2%2Fmedia&parent=20702"}],"wp:term":[{"taxonomy":"product_cat","embeddable":true,"href":"https:\/\/setap.az\/index.php?rest_route=%2Fwp%2Fv2%2Fproduct_cat&post=20702"},{"taxonomy":"product_tag","embeddable":true,"href":"https:\/\/setap.az\/index.php?rest_route=%2Fwp%2Fv2%2Fproduct_tag&post=20702"}],"curies":[{"name":"wp","href":"https:\/\/api.w.org\/{rel}","templated":true}]}}