{"id":20781,"date":"2026-03-27T15:22:41","date_gmt":"2026-03-27T11:22:41","guid":{"rendered":"https:\/\/setap.az\/?post_type=product&#038;p=20781"},"modified":"2026-03-27T15:22:43","modified_gmt":"2026-03-27T11:22:43","slug":"rs-vifi-a22-d-ip-wifi-kamera","status":"publish","type":"product","link":"https:\/\/setap.az\/?product=rs-vifi-a22-d-ip-wifi-kamera","title":{"rendered":"RS-VIFI-A22-D IP WiFi Kamera"},"content":{"rendered":"<p>RS-VIFI-A22-D IP WiFi kamera ev, ofis v\u0259 ma\u011fazalar \u00fc\u00e7\u00fcn ideal t\u0259hl\u00fck\u0259sizlik h\u0259lli.<br \/>\nKompakt dizayn\u0131 v\u0259 a\u011f\u0131ll\u0131 funksiyalar\u0131 il\u0259 ist\u0259nil\u0259n m\u0259kanda rahat n\u0259zar\u0259t imkan\u0131 yarad\u0131r. WiFi ba\u011flant\u0131s\u0131 say\u0259sind\u0259 kabelsiz i\u015fl\u0259yir v\u0259 mobil telefon vasit\u0259sil\u0259 ist\u0259nil\u0259n yerd\u0259n izl\u0259m\u0259k m\u00fcmk\u00fcnd\u00fcr.<br \/>\nBu model 2.4GHz WiFi tezliyini d\u0259st\u0259kl\u0259yir, bu da daha geni\u015f \u0259hat\u0259 dair\u0259si v\u0259 sabit ba\u011flant\u0131 dem\u0259kdir.<\/p>\n<p>Bu model y\u00fcks\u0259k keyfiyy\u0259tli g\u00f6r\u00fcnt\u00fc t\u0259qdim ed\u0259r\u0259k gec\u0259 v\u0259 g\u00fcnd\u00fcz ayd\u0131n \u00e7\u0259kili\u015f edir. \u0130nfraq\u0131rm\u0131z\u0131 (IR) gec\u0259 g\u00f6rm\u0259 funksiyas\u0131 say\u0259sind\u0259 qaranl\u0131q m\u00fchitd\u0259 bel\u0259 obyektl\u0259ri d\u0259qiq a\u015fkar edir. H\u0259r\u0259k\u0259t sensoru aktiv olduqda avtomatik qeydiyyat ba\u015flay\u0131r v\u0259 istifad\u0259\u00e7iy\u0259 bildiri\u015f g\u00f6nd\u0259rilir.<\/p>\n<p>Pan-Tilt funksiyas\u0131 il\u0259 kamera geni\u015f bucaq alt\u0131nda d\u00f6n\u0259r\u0259k \u0259traf\u0131 tam n\u0259zar\u0259td\u0259 saxlay\u0131r. \u0130ki t\u0259r\u0259fli audio (mikrofon v\u0259 dinamik) vasit\u0259sil\u0259 qar\u015f\u0131l\u0131ql\u0131 dan\u0131\u015f\u0131q m\u00fcmk\u00fcnd\u00fcr. SD kart d\u0259st\u0259yi il\u0259 videolar\u0131 yadda\u015fa yazmaq v\u0259 sonradan izl\u0259m\u0259k olur.<\/p>\n<p>\u018fsas \u00fcst\u00fcnl\u00fckl\u0259r:<\/p>\n<p>WiFi il\u0259 simsiz qo\u015fulma<br \/>\n2.4GHz WiFi il\u0259 stabil v\u0259 geni\u015f \u0259hat\u0259<br \/>\nFull HD 4MP g\u00f6r\u00fcnt\u00fc keyfiyy\u0259ti<br \/>\nGec\u0259 g\u00f6rm\u0259 (IR night vision)<br \/>\nH\u0259r\u0259k\u0259t deteksiyas\u0131 v\u0259 bildiri\u015f<br \/>\nTelefona canl\u0131 izl\u0259m\u0259 v\u0259 qeyd g\u00f6nd\u0259rm\u0259<br \/>\n2 t\u0259r\u0259fli audio d\u0259st\u0259yi<br \/>\n128gb SD kart v\u0259 bulud yadda\u015f imkan\u0131<br \/>\n\u0130P 65<\/p>\n<p>RS-VIFI-A22-D \u2014 t\u0259hl\u00fck\u0259sizliyi maksimum s\u0259viyy\u0259d\u0259 t\u0259min ed\u0259n, istifad\u0259si rahat v\u0259 s\u0259rf\u0259li a\u011f\u0131ll\u0131 kamerad\u0131r.<\/p>\n","protected":false},"excerpt":{"rendered":"<p>RS-VIFI-A22-D IP WiFi kamera ev, ofis v\u0259 ma\u011fazalar \u00fc\u00e7\u00fcn ideal t\u0259hl\u00fck\u0259sizlik h\u0259lli. Kompakt dizayn\u0131 v\u0259 a\u011f\u0131ll\u0131 funksiyalar\u0131 il\u0259 ist\u0259nil\u0259n m\u0259kanda rahat n\u0259zar\u0259t imkan\u0131 yarad\u0131r. WiFi ba\u011flant\u0131s\u0131 say\u0259sind\u0259 kabelsiz i\u015fl\u0259yir v\u0259 mobil telefon vasit\u0259sil\u0259 ist\u0259nil\u0259n yerd\u0259n izl\u0259m\u0259k m\u00fcmk\u00fcnd\u00fcr. Bu model 2.4GHz WiFi tezliyini d\u0259st\u0259kl\u0259yir, bu da daha geni\u015f \u0259hat\u0259 dair\u0259si v\u0259 sabit ba\u011flant\u0131 dem\u0259kdir. Bu model&hellip;<\/p>\n","protected":false},"featured_media":20783,"comment_status":"open","ping_status":"closed","template":"","meta":[],"product_cat":[2803,2849,2862],"product_tag":[3132,5526,5293,5523,2928,5524,3049,3046,3300,5294,5525,3144,3745,5522,2929],"class_list":{"0":"post-20781","1":"product","2":"type-product","3":"status-publish","4":"has-post-thumbnail","6":"product_cat-ip","7":"product_cat-videokameralar","8":"product_cat-wifi-kameralar","9":"product_tag-cctv","10":"product_tag-endirim","11":"product_tag-evtehlukesizliyi","12":"product_tag-gecegoruntu","13":"product_tag-guvenlik","14":"product_tag-hareketdetektor","15":"product_tag-ipkamera","16":"product_tag-kamera","17":"product_tag-kamerasistemi","18":"product_tag-ofistehlukesizliyi","19":"product_tag-satis","20":"product_tag-smartkamera","21":"product_tag-tehlukesizlik","22":"product_tag-vifikamera","23":"product_tag-wifikamera","24":"description-off","26":"first","27":"instock","28":"shipping-taxable","29":"purchasable","30":"product-type-simple"},"_links":{"self":[{"href":"https:\/\/setap.az\/index.php?rest_route=\/wp\/v2\/product\/20781","targetHints":{"allow":["GET"]}}],"collection":[{"href":"https:\/\/setap.az\/index.php?rest_route=\/wp\/v2\/product"}],"about":[{"href":"https:\/\/setap.az\/index.php?rest_route=\/wp\/v2\/types\/product"}],"replies":[{"embeddable":true,"href":"https:\/\/setap.az\/index.php?rest_route=%2Fwp%2Fv2%2Fcomments&post=20781"}],"wp:featuredmedia":[{"embeddable":true,"href":"https:\/\/setap.az\/index.php?rest_route=\/wp\/v2\/media\/20783"}],"wp:attachment":[{"href":"https:\/\/setap.az\/index.php?rest_route=%2Fwp%2Fv2%2Fmedia&parent=20781"}],"wp:term":[{"taxonomy":"product_cat","embeddable":true,"href":"https:\/\/setap.az\/index.php?rest_route=%2Fwp%2Fv2%2Fproduct_cat&post=20781"},{"taxonomy":"product_tag","embeddable":true,"href":"https:\/\/setap.az\/index.php?rest_route=%2Fwp%2Fv2%2Fproduct_tag&post=20781"}],"curies":[{"name":"wp","href":"https:\/\/api.w.org\/{rel}","templated":true}]}}