{"id":2923,"date":"2025-05-09T16:04:42","date_gmt":"2025-05-09T12:04:42","guid":{"rendered":"https:\/\/setap.az\/?post_type=product&#038;p=2923"},"modified":"2025-06-26T13:31:22","modified_gmt":"2025-06-26T09:31:22","slug":"2ce56d0t-it3","status":"publish","type":"product","link":"https:\/\/setap.az\/?product=2ce56d0t-it3","title":{"rendered":"HIKVISION 2CE56D0T-\u0130T3"},"content":{"rendered":"<p>Hikvision DS-2CE56D0T-IT3,2MP \u00e7\u00f6z\u00fcn\u00fcrl\u00fckl\u00fc, HD-TVI texnologiyas\u0131na \u0259saslanan, EXIR infraq\u0131rm\u0131z\u0131 i\u015f\u0131qland\u0131rma il\u0259 t\u0259chiz olunmu\u015f, turret tipli t\u0259hl\u00fck\u0259sizlik kameras\u0131d\u0131r. Bu model, h\u0259m daxili, h\u0259m d\u0259 xarici m\u00fchitl\u0259rd\u0259 istifad\u0259 \u00fc\u00e7\u00fcn uy\u011fundur v\u0259 y\u00fcks\u0259k keyfiyy\u0259tli g\u00f6r\u00fcnt\u00fc t\u0259min edir.<br \/>\n\u018fsas X\u00fcsusiyy\u0259tl\u0259r:<br \/>\n\u00c7\u00f6z\u00fcn\u00fcrl\u00fck: 1920 \u00d7 1080 (2MP)<br \/>\nSensor: 2MP CMOS<br \/>\nMinimum \u0130\u015f\u0131qland\u0131rma: 0.01 Lux @ (F1.2, AGC ON), 0 Lux IR il\u0259<br \/>\nLens: 2.8 mm, 3.6 mm, 6 mm, 8 mm, 12 mm sabit fokuslu lensl\u0259r<br \/>\nG\u00f6r\u00fc\u015f Buca\u011f\u0131: 2.8 mm lens \u00fc\u00e7\u00fcn horizontal FOV: 106.4\u00b0, 3.6 mm lens \u00fc\u00e7\u00fcn horizontal FOV: 79.6\u00b0<br \/>\nGec\u0259 G\u00f6r\u00fcnt\u00fcs\u00fc: EXIR texnologiyas\u0131 il\u0259 40 metr\u0259 q\u0259d\u0259r<br \/>\nGeni\u015f Dinamik Aral\u0131q (WDR): R\u0259q\u0259msal WDR (DWDR)<br \/>\nVideo \u00c7\u0131x\u0131\u015f\u0131: HD-TVI<br \/>\nKorpus: Plastik, IP66 su v\u0259 toz ke\u00e7irm\u0259zlik d\u0259r\u0259c\u0259si<br \/>\n\u018fm\u0259liyyat Temperaturu: -40\u00b0C-d\u0259n +60\u00b0C-y\u0259 q\u0259d\u0259r<br \/>\nG\u00fcc T\u0259chizat\u0131: 12V DC \u00b125%<br \/>\nEnerji \u0130stehlak\u0131: Maksimum 3W<br \/>\n\u00d6l\u00e7\u00fcl\u0259r: \u03a6110 mm \u00d7 93.2 mm<\/p>\n","protected":false},"excerpt":{"rendered":"<p>*2 MP turret kamera<br \/>\n*40 m IR m\u0259saf\u0259si il\u0259 qabaqc\u0131l infraq\u0131rm\u0131z\u0131 texnologiya<br \/>\n*Suya v\u0259 toza davaml\u0131 (IP66)<\/p>\n","protected":false},"featured_media":2924,"comment_status":"open","ping_status":"closed","template":"","meta":[],"product_cat":[4016,2849,2841],"product_tag":[3371,3351,3132,3403,3402,3387,3344,3345,3369,3131,2941,3394,3395,3347],"class_list":{"0":"post-2923","1":"product","2":"type-product","3":"status-publish","4":"has-post-thumbnail","6":"product_cat-hikvision","7":"product_cat-videokameralar","8":"product_cat-videonzart","9":"product_tag-2mpkamera","10":"product_tag-akilliguvenlik","11":"product_tag-cctv","12":"product_tag-ds2ce56d0tit3","13":"product_tag-evguvenliyi","14":"product_tag-exir","15":"product_tag-guvenlikkamerasi","16":"product_tag-guvenliksistemi","17":"product_tag-guvenliktexnologiyasi","18":"product_tag-hdtvi","19":"product_tag-hikvision","20":"product_tag-ip66","21":"product_tag-turretkamera","22":"product_tag-videogozetimi","23":"description-off","25":"first","26":"instock","27":"shipping-taxable","28":"purchasable","29":"product-type-simple"},"_links":{"self":[{"href":"https:\/\/setap.az\/index.php?rest_route=\/wp\/v2\/product\/2923","targetHints":{"allow":["GET"]}}],"collection":[{"href":"https:\/\/setap.az\/index.php?rest_route=\/wp\/v2\/product"}],"about":[{"href":"https:\/\/setap.az\/index.php?rest_route=\/wp\/v2\/types\/product"}],"replies":[{"embeddable":true,"href":"https:\/\/setap.az\/index.php?rest_route=%2Fwp%2Fv2%2Fcomments&post=2923"}],"wp:featuredmedia":[{"embeddable":true,"href":"https:\/\/setap.az\/index.php?rest_route=\/wp\/v2\/media\/2924"}],"wp:attachment":[{"href":"https:\/\/setap.az\/index.php?rest_route=%2Fwp%2Fv2%2Fmedia&parent=2923"}],"wp:term":[{"taxonomy":"product_cat","embeddable":true,"href":"https:\/\/setap.az\/index.php?rest_route=%2Fwp%2Fv2%2Fproduct_cat&post=2923"},{"taxonomy":"product_tag","embeddable":true,"href":"https:\/\/setap.az\/index.php?rest_route=%2Fwp%2Fv2%2Fproduct_tag&post=2923"}],"curies":[{"name":"wp","href":"https:\/\/api.w.org\/{rel}","templated":true}]}}