{"id":3002,"date":"2025-05-08T10:58:22","date_gmt":"2025-05-08T06:58:22","guid":{"rendered":"https:\/\/setap.az\/?post_type=product&#038;p=3002"},"modified":"2025-05-08T16:32:09","modified_gmt":"2025-05-08T12:32:09","slug":"ds-7108hghi-k1-hikvision-1mp","status":"publish","type":"product","link":"https:\/\/setap.az\/?product=ds-7108hghi-k1-hikvision-1mp","title":{"rendered":"DS-7108HGHI-K1 HIKVISION 1mp"},"content":{"rendered":"<p>*H.265 Pro+ \/ H.265 Pro \/ H.265<br \/>\n*HDTVI \/ AHD \/ CVI \/ CVBS \/ IP video giri\u015fl\u0259ri<br \/>\n*Audio \u00fcz\u0259rind\u0259n koaksial kabel<br \/>\n*IP video giri\u015fl\u0259ri: 6 \/ 12 \/ 24 kanala q\u0259d\u0259r (6 MP-\u0259 q\u0259d\u0259r)<br \/>\n*HDTVI siqnal\u0131: maks. 1080p \u00fc\u00e7\u00fcn 800 m v\u0259 720p \u00fc\u00e7\u00fcn 1200 m<br \/>\n*H\u0259r HDD \u00fc\u00e7\u00fcn 6 TB-a q\u0259d\u0259r<\/p>\n","protected":false},"excerpt":{"rendered":"<p>*H.265 Pro+ \/ H.265 Pro \/ H.265<br \/>\n*HDTVI \/ AHD \/ CVI \/ CVBS \/ IP video giri\u015fl\u0259ri<br \/>\n*Audio \u00fcz\u0259rind\u0259n koaksial kabel<br \/>\n*IP video giri\u015fl\u0259ri: 6 \/ 12 \/ 24 kanala q\u0259d\u0259r (6 MP-\u0259 q\u0259d\u0259r)<br \/>\n*HDTVI siqnal\u0131: maks. 1080p \u00fc\u00e7\u00fcn 800 m v\u0259 720p \u00fc\u00e7\u00fcn 1200 m<br \/>\n*H\u0259r HDD \u00fc\u00e7\u00fcn 6 TB-a q\u0259d\u0259r<\/p>\n","protected":false},"featured_media":3003,"comment_status":"open","ping_status":"closed","template":"","meta":[],"product_cat":[2841,2850],"product_tag":[3357,3358,3351,3132,3356,3346,3344,3345,3353,3359,2941,3348,3355,3349,3347],"class_list":{"0":"post-3002","1":"product","2":"type-product","3":"status-publish","4":"has-post-thumbnail","6":"product_cat-videonzart","7":"product_cat-videoqeydiyyatcilar","8":"product_tag-1mpdvr","9":"product_tag-720pkamera","10":"product_tag-akilliguvenlik","11":"product_tag-cctv","12":"product_tag-ds7108hghi-k1","13":"product_tag-evguvenligi","14":"product_tag-guvenlikkamerasi","15":"product_tag-guvenliksistemi","16":"product_tag-guvenlikteknolojisi","17":"product_tag-hareketalgilama","18":"product_tag-hikvision","19":"product_tag-hikvisionguvenlik","20":"product_tag-kayitcihazi","21":"product_tag-turbohd","22":"product_tag-videogozetimi","23":"description-off","25":"first","26":"instock","27":"shipping-taxable","28":"purchasable","29":"product-type-simple"},"_links":{"self":[{"href":"https:\/\/setap.az\/index.php?rest_route=\/wp\/v2\/product\/3002","targetHints":{"allow":["GET"]}}],"collection":[{"href":"https:\/\/setap.az\/index.php?rest_route=\/wp\/v2\/product"}],"about":[{"href":"https:\/\/setap.az\/index.php?rest_route=\/wp\/v2\/types\/product"}],"replies":[{"embeddable":true,"href":"https:\/\/setap.az\/index.php?rest_route=%2Fwp%2Fv2%2Fcomments&post=3002"}],"wp:featuredmedia":[{"embeddable":true,"href":"https:\/\/setap.az\/index.php?rest_route=\/wp\/v2\/media\/3003"}],"wp:attachment":[{"href":"https:\/\/setap.az\/index.php?rest_route=%2Fwp%2Fv2%2Fmedia&parent=3002"}],"wp:term":[{"taxonomy":"product_cat","embeddable":true,"href":"https:\/\/setap.az\/index.php?rest_route=%2Fwp%2Fv2%2Fproduct_cat&post=3002"},{"taxonomy":"product_tag","embeddable":true,"href":"https:\/\/setap.az\/index.php?rest_route=%2Fwp%2Fv2%2Fproduct_tag&post=3002"}],"curies":[{"name":"wp","href":"https:\/\/api.w.org\/{rel}","templated":true}]}}