{"id":3089,"date":"2025-05-08T08:41:00","date_gmt":"2025-05-08T04:41:00","guid":{"rendered":"https:\/\/setap.az\/?post_type=product&#038;p=3089"},"modified":"2025-05-08T13:55:38","modified_gmt":"2025-05-08T09:55:38","slug":"lampa-kamera","status":"publish","type":"product","link":"https:\/\/setap.az\/?product=lampa-kamera","title":{"rendered":"Lampa kamera E27"},"content":{"rendered":"<p>*10-15m g\u00fcnd\u00fcz v\u0259 gec\u0259 g\u00f6rm\u0259<br \/>\n*Avtomatik izl\u0259m\u0259 v\u0259 siqnalizasiya funksiyas\u0131n\u0131 d\u0259st\u0259kl\u0259yir.<br \/>\n*2.4G simsiz WiFi ba\u011flant\u0131s\u0131n\u0131 d\u0259st\u0259kl\u0259yir.<br \/>\n*\u0130ki t\u0259r\u0259fli audio s\u00f6hb\u0259ti d\u0259st\u0259kl\u0259yir.<br \/>\n*D\u0259st\u0259k panosu 355 d\u0259r\u0259c\u0259\/90 d\u0259r\u0259c\u0259 \u0259yilm\u0259.<br \/>\n*SD kart Max 128GB Yadda\u015f Kart\u0131n\u0131 d\u0259st\u0259kl\u0259yir.<br \/>\n*Telefon vasit\u0259sil\u0259 uzaqdan bax\u0131\u015f.<\/p>\n","protected":false},"excerpt":{"rendered":"<p>*10-15m g\u00fcnd\u00fcz v\u0259 gec\u0259 g\u00f6rm\u0259<br \/>\n*Avtomatik izl\u0259m\u0259 v\u0259 siqnalizasiya funksiyas\u0131n\u0131 d\u0259st\u0259kl\u0259yir.<br \/>\n*2.4G simsiz WiFi ba\u011flant\u0131s\u0131n\u0131 d\u0259st\u0259kl\u0259yir.<br \/>\n*\u0130ki t\u0259r\u0259fli audio s\u00f6hb\u0259ti d\u0259st\u0259kl\u0259yir.<br \/>\n*D\u0259st\u0259k panosu 355 d\u0259r\u0259c\u0259\/90 d\u0259r\u0259c\u0259 \u0259yilm\u0259.<br \/>\n*SD kart Max 128GB Yadda\u015f Kart\u0131n\u0131 d\u0259st\u0259kl\u0259yir.<br \/>\n*Telefon vasit\u0259sil\u0259 uzaqdan bax\u0131\u015f.<\/p>\n","protected":false},"featured_media":3090,"comment_status":"open","ping_status":"closed","template":"","meta":[],"product_cat":[2841,2862],"product_tag":[3288,3000,3290,3289,3291,3049,3292,3287,3277,3051,2929],"class_list":{"0":"post-3089","1":"product","2":"type-product","3":"status-publish","4":"has-post-thumbnail","6":"product_cat-videonzart","7":"product_cat-wifi-kameralar","8":"product_tag-360kamera","9":"product_tag-agilliev","10":"product_tag-evthluksizliyi","11":"product_tag-gecgorusu-panoramikkamera","12":"product_tag-gizlikamera","13":"product_tag-ipkamera","14":"product_tag-kameralampa","15":"product_tag-lampakamera-bulbcamera","16":"product_tag-smartcamera","17":"product_tag-thluksizlikkamerasi","18":"product_tag-wifikamera","19":"description-off","21":"first","22":"instock","23":"shipping-taxable","24":"purchasable","25":"product-type-simple"},"_links":{"self":[{"href":"https:\/\/setap.az\/index.php?rest_route=\/wp\/v2\/product\/3089","targetHints":{"allow":["GET"]}}],"collection":[{"href":"https:\/\/setap.az\/index.php?rest_route=\/wp\/v2\/product"}],"about":[{"href":"https:\/\/setap.az\/index.php?rest_route=\/wp\/v2\/types\/product"}],"replies":[{"embeddable":true,"href":"https:\/\/setap.az\/index.php?rest_route=%2Fwp%2Fv2%2Fcomments&post=3089"}],"wp:featuredmedia":[{"embeddable":true,"href":"https:\/\/setap.az\/index.php?rest_route=\/wp\/v2\/media\/3090"}],"wp:attachment":[{"href":"https:\/\/setap.az\/index.php?rest_route=%2Fwp%2Fv2%2Fmedia&parent=3089"}],"wp:term":[{"taxonomy":"product_cat","embeddable":true,"href":"https:\/\/setap.az\/index.php?rest_route=%2Fwp%2Fv2%2Fproduct_cat&post=3089"},{"taxonomy":"product_tag","embeddable":true,"href":"https:\/\/setap.az\/index.php?rest_route=%2Fwp%2Fv2%2Fproduct_tag&post=3089"}],"curies":[{"name":"wp","href":"https:\/\/api.w.org\/{rel}","templated":true}]}}