{"id":3104,"date":"2025-05-08T11:08:38","date_gmt":"2025-05-08T07:08:38","guid":{"rendered":"https:\/\/setap.az\/?post_type=product&#038;p=3104"},"modified":"2025-05-08T13:03:30","modified_gmt":"2025-05-08T09:03:30","slug":"robot-kamera","status":"publish","type":"product","link":"https:\/\/setap.az\/?product=robot-kamera","title":{"rendered":"Robot kamera"},"content":{"rendered":"<p>*Robot kimi g\u00f6r\u00fcn\u0259n unikal dizayn t\u0259hl\u00fck\u0259sizlik kameras\u0131<br \/>\n*Kamera 355 d\u0259r\u0259c\u0259 \u00e7evirm\u0259 v\u0259 120 d\u0259r\u0259c\u0259 \u0259yilm\u0259<br \/>\n*Vaxt\u0131 g\u00f6st\u0259rm\u0259k \u00fc\u00e7\u00fcn LED saat dizayn\u0131na malikdir.<\/p>\n","protected":false},"excerpt":{"rendered":"<p>*Robot kimi g\u00f6r\u00fcn\u0259n unikal dizayn t\u0259hl\u00fck\u0259sizlik kameras\u0131<br \/>\n*Kamera 355 d\u0259r\u0259c\u0259 \u00e7evirm\u0259 v\u0259 120 d\u0259r\u0259c\u0259 \u0259yilm\u0259<br \/>\n*Vaxt\u0131 g\u00f6st\u0259rm\u0259k \u00fc\u00e7\u00fcn LED saat dizayn\u0131na malikdir.<\/p>\n","protected":false},"featured_media":3105,"comment_status":"open","ping_status":"closed","template":"","meta":[],"product_cat":[2841,2862],"product_tag":[3000,3266,3269,3267,3271,3272,3265,3270,3273,3268],"class_list":{"0":"post-3104","1":"product","2":"type-product","3":"status-publish","4":"has-post-thumbnail","6":"product_cat-videonzart","7":"product_cat-wifi-kameralar","8":"product_tag-agilliev","9":"product_tag-agillirobot","10":"product_tag-bluetoothdinamik","11":"product_tag-dekorativsaat","12":"product_tag-ipcamerarobot","13":"product_tag-robotgadget","14":"product_tag-robotsaat","15":"product_tag-smartclock","16":"product_tag-texnologiyahdiyysi","17":"product_tag-usaqsaati","18":"description-off","20":"first","21":"instock","22":"shipping-taxable","23":"purchasable","24":"product-type-simple"},"_links":{"self":[{"href":"https:\/\/setap.az\/index.php?rest_route=\/wp\/v2\/product\/3104","targetHints":{"allow":["GET"]}}],"collection":[{"href":"https:\/\/setap.az\/index.php?rest_route=\/wp\/v2\/product"}],"about":[{"href":"https:\/\/setap.az\/index.php?rest_route=\/wp\/v2\/types\/product"}],"replies":[{"embeddable":true,"href":"https:\/\/setap.az\/index.php?rest_route=%2Fwp%2Fv2%2Fcomments&post=3104"}],"wp:featuredmedia":[{"embeddable":true,"href":"https:\/\/setap.az\/index.php?rest_route=\/wp\/v2\/media\/3105"}],"wp:attachment":[{"href":"https:\/\/setap.az\/index.php?rest_route=%2Fwp%2Fv2%2Fmedia&parent=3104"}],"wp:term":[{"taxonomy":"product_cat","embeddable":true,"href":"https:\/\/setap.az\/index.php?rest_route=%2Fwp%2Fv2%2Fproduct_cat&post=3104"},{"taxonomy":"product_tag","embeddable":true,"href":"https:\/\/setap.az\/index.php?rest_route=%2Fwp%2Fv2%2Fproduct_tag&post=3104"}],"curies":[{"name":"wp","href":"https:\/\/api.w.org\/{rel}","templated":true}]}}